8 divide 212068?
False
Does 11 divide 256708?
False
Is 480640 a multiple of 32?
True
Is 27 a factor of 340794?
True
Is 4941521 a multiple of 127?
False
Does 644 divide 4968460?
True
Is 9 a factor of 6519?
False
Is 53 a factor of 200075?
True
Is 4574700 a multiple of 230?
True
Is 5237898 a multiple of 32?
False
Does 14 divide 1170180?
False
Is 11 a factor of 221936?
True
Is 145 a factor of 249110?
True
Is 131795 a multiple of 34?
False
Is 34 a factor of 1121002?
False
Is 480 a factor of 14360?
False
Is 25968 a multiple of 77?
False
Is 12 a factor of 381273?
False
Does 92 divide 639124?
True
Is 91756 a multiple of 29?
True
Does 30 divide 1737115?
False
Does 5 divide 3173635?
True
Is 25 a factor of 973800?
True
Is 619 a factor of 3485957?
False
Is 794 a factor of 1992146?
True
Is 49 a factor of 9431128?
True
Is 96096 a multiple of 39?
True
Is 2123757 a multiple of 79?
True
Is 52 a factor of 1469572?
True
Is 115275 a multiple of 15?
True
Does 141 divide 80558?
False
Is 842345 a multiple of 116?
False
Is 161 a factor of 305417?
True
Is 6479 a multiple of 4?
False
Is 81030 a multiple of 146?
True
Is 178 a factor of 615563?
False
Is 196512 a multiple of 46?
True
Is 2466584 a multiple of 472?
False
Is 55 a factor of 2370129?
False
Is 2925520 a multiple of 520?
True
Is 97 a factor of 1680732?
False
Does 102 divide 26520?
True
Is 178532 a multiple of 24?
False
Does 6 divide 156576?
True
Is 6567 a multiple of 11?
True
Is 192 a factor of 447936?
True
Is 88245 a multiple of 15?
True
Is 1826 a factor of 25290100?
True
Is 1390275 a multiple of 156?
False
Does 505 divide 2865336?
False
Does 23 divide 1361544?
False
Is 1401 a factor of 6162999?
True
Is 467 a factor of 2897393?
False
Does 82 divide 662620?
False
Does 5 divide 80583?
False
Is 63 a factor of 1948364?
False
Is 1121513 a multiple of 317?
False
Is 906142 a multiple of 3?
False
Is 5 a factor of 259859?
False
Is 6 a factor of 410334?
True
Is 22577789 a multiple of 13?
True
Does 492 divide 3100936?
False
Does 12 divide 10195196?
False
Does 45 divide 702753?
False
Does 20 divide 120709?
False
Does 2323 divide 15179687?
False
Is 187 a factor of 1409232?
True
Is 364 a factor of 1113840?
True
Is 627 a factor of 170180?
False
Does 250 divide 23299591?
False
Does 59 divide 966066?
True
Is 5195424 a multiple of 69?
True
Is 20484 a multiple of 18?
True
Is 16385 a multiple of 5?
True
Is 301439 a multiple of 37?
True
Is 49842 a multiple of 41?
False
Is 1610941 a multiple of 24?
False
Does 10 divide 63796?
False
Is 652 a multiple of 4?
True
Does 11 divide 925482?
False
Is 67430 a multiple of 9?
False
Is 1573757 a multiple of 53?
False
Does 266 divide 2290704?
False
Does 21 divide 231672?
True
Does 15 divide 55845?
True
Is 114 a factor of 1036830?
True
Is 17 a factor of 12947608?
True
Is 94 a factor of 11944580?
True
Is 317863 a multiple of 152?
False
Is 22 a factor of 2773562?
True
Does 7 divide 1180743?
False
Does 628 divide 3014049?
False
Is 40436 a multiple of 4?
True
Is 35 a factor of 337731?
False
Does 7 divide 5956?
False
Is 13638532 a multiple of 250?
False
Is 60763 a multiple of 29?
False
Does 65 divide 128373?
False
Does 148 divide 12284?
True
Does 29 divide 53083?
False
Does 425 divide 8925?
True
Is 3 a factor of 461572?
False
Is 24399 a multiple of 553?
False
Does 79 divide 51350?
True
Does 59 divide 1510695?
True
Is 2669883 a multiple of 111?
True
Is 2 a factor of 60405?
False
Is 109 a factor of 140450?
False
Does 56 divide 5841?
False
Is 5852830 a multiple of 10?
True
Does 31 divide 113677?
True
Is 43 a factor of 224044?
False
Does 244 divide 76299?
False
Is 21209 even?
False
Is 8 a factor of 206256?
True
Is 2772304 a multiple of 16?
True
Does 63 divide 1668807?
True
Is 934605 a multiple of 23?
True
Is 527 a factor of 1133882?
False
Does 265 divide 244672?
False
Is 154 a factor of 16876918?
False
Does 930 divide 6767610?
True
Does 628 divide 1685049?
False
Is 77727 a multiple of 13?
True
Is 3442320 a multiple of 7?
True
Is 8336284 a multiple of 164?
True
Is 169950 a multiple of 110?
True
Does 1465 divide 2703868?
False
Is 2751 even?
False
Is 476226 a multiple of 54?
True
Is 126984 a multiple of 222?
True
Is 23 a factor of 3099365?
True
Does 11 divide 668734?
True
Does 173 divide 986599?
False
Is 150360 a multiple of 13?
False
Is 9619859 a multiple of 18?
False
Does 29 divide 73747?
True
Is 1165 a factor of 140736?
False
Does 13 divide 3285425?
True
Does 241 divide 2140227?
False
Is 127440 a multiple of 40?
True
Does 14 divide 62678?
True
Does 139 divide 54766?
True
Is 325883 a multiple of 66?
False
Does 362 divide 1452344?
True
Is 11 a factor of 37236?
False
Is 114 a factor of 102828?
True
Is 4 a factor of 103658?
False
Does 36 divide 778231?
False
Is 147492 a multiple of 204?
True
Is 53 a factor of 90630?
True
Does 17 divide 491662?
False
Is 20 a factor of 1925559?
False
Does 133 divide 112385?
True
Is 189 a factor of 5312065?
False
Is 476 a factor of 1075760?
True
Does 14 divide 81844?
True
Is 3118500 a multiple of 308?
True
Is 26884 a multiple of 102?
False
Does 62 divide 876480?
False
Is 119 a factor of 64284?
False
Is 31 a factor of 10723?
False
Is 13066097 a multiple of 47?
False
Is 19 a factor of 52598?
False
Does 20 divide 9628106?
False
Does 516 divide 13485732?
False
Does 14 divide 2142294?
True
Is 3549231 a multiple of 189?
True
Does 40 divide 2531764?
False
Does 14 divide 49546?
True
Is 47375 a multiple of 3?
False
Is 39693 a multiple of 131?
True
Does 592 divide 613312?
True
Does 15 divide 3763635?
True
Does 2 divide 6905?
False
Is 78 a factor of 164190?
True
Is 3563003 a multiple of 113?
True
Is 272 a factor of 213525?
False
Is 8788422 a multiple of 51?
True
Does 130 divide 144313?
False
Is 630460 a multiple of 10?
True
Does 133 divide 1620073?
True
Does 72 divide 297616?
False
Does 15 divide 56695?
False
Is 3498515 a multiple of 16?
False
Is 17 a factor of 1431442?
False
Does 6 divide 860760?
True
Does 10 divide 923410?
True
Does 16 divide 4837408?
True
Is 226855 a multiple of 59?
True
Is 11 a factor of 334378?
True
Is 27 a factor of 1082060?
False
Is 66 a factor of 1056528?
True
Is 4 a factor of 1925?
False
Is 9434777 a multiple of 319?
False
Is 35 a factor of 100910?
False
Is 3 a factor of 85146?
True
Does 11 divide 147612?
False
Is 891 a factor of 2332250?
False
Does 238 divide 2618?
True
Is 9 a factor of 9967?
False
Does 489 divide 313449?
True
Does 17 divide 13039?
True
Is 5529162 a multiple of 183?
True
Does 23 divide 31901?
True
Does 7 divide 147196?
True
Does 4 divide 1572374?
False
Does 24 divide 2231433?
False
Is 177136 a multiple of 111?
False
Does 11 divide 208286?
False
Does 9 divide 21304?
False
Does 70 divide 682751?
False
Is 16 a factor of 5367900?
False
Is 42 a factor of 2665656?
True
Does 2 divide 589795?
False
Is 26 a factor of 300976?
True
Does 60 divide 6014520?
True
Is 145232 a multiple of 313?
True
Is 688982 a multiple of 601?
False
Is 832512 a multiple of 61?
False
Is 3 a factor of 138903?
True
Is 116259 a multiple of 28?
False
Is 42 a factor of 567980?
False
Is 29 a factor of 226026?
True
Does 48 divide 30384?
True
Is 62290 a multiple of 10?
True
Is 8 a factor of 334936?
True
Is 316 a factor of 3547472?
False
Is 223 a factor of 106148?
True
Does 30 divide 1398060?
True
Is 127995 a multiple of 21?
True
Is 450660 a multiple of 84?
True
Is 8 a factor of 929336?
True
Does 47 divide 17843?
False
Is 319 a factor of 657419?
False
Is 5 a factor of 35891?
False
Is 2481370 a multiple of 239?
False
Is 550015 a multiple of 205?
True
Is 8881188 a multiple of 12?
True
Is 19 a factor of 1598812?
True
Is 306482 a multiple of 22?
True
Is 70704 a multiple of 36?
True
Is 44 a factor of 10560?
True
Does 218 divide 885305?
False
Does 16 divide 3336336?
True
Is 36 a factor of 18994?
False
Is 8 a factor of 199760?
True
Is 204 a factor of 158712?
True
Does 21 divide 4305?
True
Does 684 divide 6956964?
True
Does 60 divide 275400?
True
Is 18 a factor of 7422246?
True
Is 98580 a multiple of 15?
True
Is 24 a factor of 97896?
True
Is 44 a factor of 3985080?
True
Is 1780950 a multiple of 61?
False
Is 92288 a multiple of 448?
True
Is 960893 a multiple of 4?
False
Is 46 a factor of 26712654?
False
Is 183149 a multiple of 3?
False
Is 2292460 a multiple of 332?
True
Is 29 a factor of 20798